{"id":2545,"date":"2020-02-03T15:56:34","date_gmt":"2020-02-03T14:56:34","guid":{"rendered":"https:\/\/www.gannetdesign.com\/?page_id=2545"},"modified":"2022-10-08T11:44:05","modified_gmt":"2022-10-08T09:44:05","slug":"product","status":"publish","type":"page","link":"https:\/\/www.gannetdesign.com\/?page_id=2545&lang=de","title":{"rendered":"Produkt"},"content":{"rendered":"<div class=\"wp-block-image\">\n<figure class=\"alignleft\"><img loading=\"lazy\" decoding=\"async\" width=\"800\" height=\"167\" src=\"https:\/\/www.gannetdesign.com\/wp-content\/uploads\/Product-button.jpg\" alt=\"Product button\" class=\"wp-image-352\" srcset=\"https:\/\/www.gannetdesign.com\/wp-content\/uploads\/Product-button.jpg 800w, https:\/\/www.gannetdesign.com\/wp-content\/uploads\/Product-button-300x63.jpg 300w\" sizes=\"auto, (max-width: 800px) 100vw, 800px\" \/><\/figure>\n<\/div>\n\n\n<p><span class=\"tlid-translation translation\" lang=\"de\"><span title=\"\">GANNET bietet Leistungen in den Bereichen Produktentwicklung und Produktdesign f\u00fcr Konsumg\u00fcter wie Sportger\u00e4te, Lifestyle-Produkte und Luxusg\u00fcter an.<\/span><br><span class=\"\" title=\"\">Wir sind spezialisiert auf die Entwicklung von Formsprachen, welche die Kernmarkenwerte der Marke kommunizieren, um sein Potenzial voll auszusch\u00f6pfen.<\/span><br><span class=\"\" title=\"\">GANNET vereint die Bed\u00fcrfnisse des Marktes, des Anwenders und der Technologie in einem einzigen Design &#8211; dem optimalen Ausdruck der Marke.<\/span><\/span><\/p>\n\n\n\n<hr class=\"wp-block-separator has-alpha-channel-opacity\"\/>\n\n\n\n<figure class=\"wp-block-image size-large\"><img loading=\"lazy\" decoding=\"async\" width=\"1024\" height=\"724\" src=\"https:\/\/www.gannetdesign.com\/wp-content\/uploads\/\/P12-1-1024x724.jpg\" alt=\"\" class=\"wp-image-3169\" srcset=\"https:\/\/www.gannetdesign.com\/wp-content\/uploads\/P12-1-1024x724.jpg 1024w, https:\/\/www.gannetdesign.com\/wp-content\/uploads\/P12-1-300x212.jpg 300w, https:\/\/www.gannetdesign.com\/wp-content\/uploads\/P12-1-1536x1086.jpg 1536w, https:\/\/www.gannetdesign.com\/wp-content\/uploads\/P12-1.jpg 1754w\" sizes=\"auto, (max-width: 1024px) 100vw, 1024px\" \/><\/figure>\n\n\n\n<figure class=\"wp-block-image size-large\"><img loading=\"lazy\" decoding=\"async\" width=\"1024\" height=\"724\" src=\"https:\/\/www.gannetdesign.com\/wp-content\/uploads\/\/P3-1024x724.jpg\" alt=\"\" class=\"wp-image-3173\" srcset=\"https:\/\/www.gannetdesign.com\/wp-content\/uploads\/P3-1024x724.jpg 1024w, https:\/\/www.gannetdesign.com\/wp-content\/uploads\/P3-300x212.jpg 300w, https:\/\/www.gannetdesign.com\/wp-content\/uploads\/P3-1536x1086.jpg 1536w, https:\/\/www.gannetdesign.com\/wp-content\/uploads\/P3.jpg 1754w\" sizes=\"auto, (max-width: 1024px) 100vw, 1024px\" \/><\/figure>\n\n\n\n<figure class=\"wp-block-image size-large\"><img loading=\"lazy\" decoding=\"async\" width=\"1024\" height=\"724\" src=\"https:\/\/www.gannetdesign.com\/wp-content\/uploads\/\/P42-1024x724.jpg\" alt=\"\" class=\"wp-image-3175\" srcset=\"https:\/\/www.gannetdesign.com\/wp-content\/uploads\/P42-1024x724.jpg 1024w, https:\/\/www.gannetdesign.com\/wp-content\/uploads\/P42-300x212.jpg 300w, https:\/\/www.gannetdesign.com\/wp-content\/uploads\/P42-1536x1086.jpg 1536w, https:\/\/www.gannetdesign.com\/wp-content\/uploads\/P42.jpg 1754w\" sizes=\"auto, (max-width: 1024px) 100vw, 1024px\" \/><\/figure>\n\n\n\n<hr class=\"wp-block-separator has-alpha-channel-opacity\"\/>\n\n\n<div class=\"wp-block-image\">\n<figure class=\"alignleft\"><img loading=\"lazy\" decoding=\"async\" width=\"984\" height=\"704\" src=\"https:\/\/www.gannetdesign.com\/wp-content\/uploads\/NZI-GC-1.jpg\" alt=\"NZI GC 1\" class=\"wp-image-355\" srcset=\"https:\/\/www.gannetdesign.com\/wp-content\/uploads\/NZI-GC-1.jpg 984w, https:\/\/www.gannetdesign.com\/wp-content\/uploads\/NZI-GC-1-300x215.jpg 300w\" sizes=\"auto, (max-width: 984px) 100vw, 984px\" \/><\/figure>\n<\/div>\n\n\n<p><a href=\"https:\/\/www.gannetdesign.com\/wp-content\/uploads\/NZI-GC-1.jpg\"> <\/a><\/p>\n\n\n<div class=\"wp-block-image\">\n<figure class=\"alignleft\"><a href=\"https:\/\/www.gannetdesign.com\/wp-content\/uploads\/NZI-GC-2.jpg\"><img loading=\"lazy\" decoding=\"async\" width=\"984\" height=\"704\" src=\"https:\/\/www.gannetdesign.com\/wp-content\/uploads\/NZI-GC-2.jpg\" alt=\"NZI GC 2\" class=\"wp-image-357\" srcset=\"https:\/\/www.gannetdesign.com\/wp-content\/uploads\/NZI-GC-2.jpg 984w, https:\/\/www.gannetdesign.com\/wp-content\/uploads\/NZI-GC-2-300x215.jpg 300w\" sizes=\"auto, (max-width: 984px) 100vw, 984px\" \/><\/a><\/figure>\n<\/div>\n\n<div class=\"wp-block-image\">\n<figure class=\"alignright\"><img loading=\"lazy\" decoding=\"async\" width=\"984\" height=\"704\" src=\"https:\/\/www.gannetdesign.com\/wp-content\/uploads\/NZI-GC-3.jpg\" alt=\"NZI GC 3\" class=\"wp-image-358\" srcset=\"https:\/\/www.gannetdesign.com\/wp-content\/uploads\/NZI-GC-3.jpg 984w, https:\/\/www.gannetdesign.com\/wp-content\/uploads\/NZI-GC-3-300x215.jpg 300w\" sizes=\"auto, (max-width: 984px) 100vw, 984px\" \/><\/figure>\n<\/div>\n\n\n<p><a href=\"https:\/\/www.gannetdesign.com\/wp-content\/uploads\/NZI-GC-3.jpg\"> <\/a><\/p>\n\n\n\n\n<div class=\"wp-block-image\">\n<figure class=\"alignleft\"><img loading=\"lazy\" decoding=\"async\" width=\"800\" height=\"16\" src=\"https:\/\/www.gannetdesign.com\/wp-content\/uploads\/break-w.jpg\" alt=\"break w\" class=\"wp-image-131\" srcset=\"https:\/\/www.gannetdesign.com\/wp-content\/uploads\/break-w.jpg 800w, https:\/\/www.gannetdesign.com\/wp-content\/uploads\/break-w-300x6.jpg 300w\" sizes=\"auto, (max-width: 800px) 100vw, 800px\" \/><\/figure>\n<\/div>\n\n<div class=\"wp-block-image\">\n<figure class=\"alignleft\"><a href=\"https:\/\/www.gannetdesign.com\/wp-content\/uploads\/Alpha-e-bike.jpg\"><img loading=\"lazy\" decoding=\"async\" width=\"984\" height=\"696\" src=\"https:\/\/www.gannetdesign.com\/wp-content\/uploads\/Alpha-e-bike.jpg\" alt=\"Alpha e-bike\" class=\"wp-image-360\" srcset=\"https:\/\/www.gannetdesign.com\/wp-content\/uploads\/Alpha-e-bike.jpg 984w, https:\/\/www.gannetdesign.com\/wp-content\/uploads\/Alpha-e-bike-300x212.jpg 300w\" sizes=\"auto, (max-width: 984px) 100vw, 984px\" \/><\/a><\/figure>\n<\/div>\n\n\n\n<div class=\"wp-block-image\">\n<figure class=\"alignleft\"><img loading=\"lazy\" decoding=\"async\" width=\"800\" height=\"16\" src=\"https:\/\/www.gannetdesign.com\/wp-content\/uploads\/break-w.jpg\" alt=\"break w\" class=\"wp-image-131\" srcset=\"https:\/\/www.gannetdesign.com\/wp-content\/uploads\/break-w.jpg 800w, https:\/\/www.gannetdesign.com\/wp-content\/uploads\/break-w-300x6.jpg 300w\" sizes=\"auto, (max-width: 800px) 100vw, 800px\" \/><\/figure>\n<\/div>\n\n<div class=\"wp-block-image\">\n<figure class=\"alignleft\"><img loading=\"lazy\" decoding=\"async\" width=\"581\" height=\"292\" src=\"https:\/\/www.gannetdesign.com\/wp-content\/uploads\/watch.jpg\" alt=\"watch\" class=\"wp-image-363\" srcset=\"https:\/\/www.gannetdesign.com\/wp-content\/uploads\/watch.jpg 581w, https:\/\/www.gannetdesign.com\/wp-content\/uploads\/watch-300x151.jpg 300w\" sizes=\"auto, (max-width: 581px) 100vw, 581px\" \/><\/figure>\n<\/div>\n\n<div class=\"wp-block-image\">\n<figure class=\"alignleft\"><a href=\"https:\/\/www.gannetdesign.com\/wp-content\/uploads\/watch2.jpg\"><img loading=\"lazy\" decoding=\"async\" width=\"984\" height=\"977\" src=\"https:\/\/www.gannetdesign.com\/wp-content\/uploads\/watch2.jpg\" alt=\"watch2\" class=\"wp-image-364\" srcset=\"https:\/\/www.gannetdesign.com\/wp-content\/uploads\/watch2.jpg 984w, https:\/\/www.gannetdesign.com\/wp-content\/uploads\/watch2-150x150.jpg 150w, https:\/\/www.gannetdesign.com\/wp-content\/uploads\/watch2-300x298.jpg 300w\" sizes=\"auto, (max-width: 984px) 100vw, 984px\" \/><\/a><\/figure>\n<\/div>\n\n<div class=\"wp-block-image\">\n<figure class=\"alignleft\"><a href=\"https:\/\/www.gannetdesign.com\/wp-content\/uploads\/watch3.jpg\"><img loading=\"lazy\" decoding=\"async\" width=\"984\" height=\"977\" src=\"https:\/\/www.gannetdesign.com\/wp-content\/uploads\/watch3.jpg\" alt=\"watch3\" class=\"wp-image-366\" srcset=\"https:\/\/www.gannetdesign.com\/wp-content\/uploads\/watch3.jpg 984w, https:\/\/www.gannetdesign.com\/wp-content\/uploads\/watch3-150x150.jpg 150w, https:\/\/www.gannetdesign.com\/wp-content\/uploads\/watch3-300x298.jpg 300w\" sizes=\"auto, (max-width: 984px) 100vw, 984px\" \/><\/a><\/figure>\n<\/div>\n\n\n<p><a href=\"https:\/\/www.gannetdesign.com\/wp-content\/uploads\/watch3.jpg\"><br><\/a><\/p>\n\n\n<div class=\"wp-block-image\">\n<figure class=\"alignleft\"><img loading=\"lazy\" decoding=\"async\" width=\"800\" height=\"16\" src=\"https:\/\/www.gannetdesign.com\/wp-content\/uploads\/break-w.jpg\" alt=\"break w\" class=\"wp-image-131\" srcset=\"https:\/\/www.gannetdesign.com\/wp-content\/uploads\/break-w.jpg 800w, https:\/\/www.gannetdesign.com\/wp-content\/uploads\/break-w-300x6.jpg 300w\" sizes=\"auto, (max-width: 800px) 100vw, 800px\" \/><\/figure>\n<\/div>\n\n<div class=\"wp-block-image\">\n<figure class=\"alignleft\"><a href=\"https:\/\/www.gannetdesign.com\/wp-content\/uploads\/Eyewear.jpg\"><img loading=\"lazy\" decoding=\"async\" width=\"581\" height=\"886\" src=\"https:\/\/www.gannetdesign.com\/wp-content\/uploads\/Eyewear.jpg\" alt=\"Eyewear\" class=\"wp-image-367\" srcset=\"https:\/\/www.gannetdesign.com\/wp-content\/uploads\/Eyewear.jpg 581w, https:\/\/www.gannetdesign.com\/wp-content\/uploads\/Eyewear-197x300.jpg 197w\" sizes=\"auto, (max-width: 581px) 100vw, 581px\" \/><\/a><\/figure>\n<\/div>\n\n<div class=\"wp-block-image\">\n<figure class=\"alignleft\"><img loading=\"lazy\" decoding=\"async\" width=\"984\" height=\"1105\" src=\"https:\/\/www.gannetdesign.com\/wp-content\/uploads\/lamp2.jpg\" alt=\"lamp2\" class=\"wp-image-369\" srcset=\"https:\/\/www.gannetdesign.com\/wp-content\/uploads\/lamp2.jpg 984w, https:\/\/www.gannetdesign.com\/wp-content\/uploads\/lamp2-267x300.jpg 267w, https:\/\/www.gannetdesign.com\/wp-content\/uploads\/lamp2-912x1024.jpg 912w\" sizes=\"auto, (max-width: 984px) 100vw, 984px\" \/><\/figure>\n<\/div>\n\n\n<p><a href=\"https:\/\/www.gannetdesign.com\/wp-content\/uploads\/lamp2.jpg\"><br><\/a><\/p>\n\n\n<div class=\"wp-block-image\">\n<figure class=\"alignleft\"><a href=\"https:\/\/www.gannetdesign.com\/wp-content\/uploads\/lamp1.jpg\"><img loading=\"lazy\" decoding=\"async\" width=\"984\" height=\"1166\" src=\"https:\/\/www.gannetdesign.com\/wp-content\/uploads\/lamp1.jpg\" alt=\"lamp1\" class=\"wp-image-370\" srcset=\"https:\/\/www.gannetdesign.com\/wp-content\/uploads\/lamp1.jpg 984w, https:\/\/www.gannetdesign.com\/wp-content\/uploads\/lamp1-253x300.jpg 253w, https:\/\/www.gannetdesign.com\/wp-content\/uploads\/lamp1-864x1024.jpg 864w\" sizes=\"auto, (max-width: 984px) 100vw, 984px\" \/><\/a><\/figure>\n<\/div>\n\n<div class=\"wp-block-image\">\n<figure class=\"alignleft\"><img loading=\"lazy\" decoding=\"async\" width=\"800\" height=\"16\" src=\"https:\/\/www.gannetdesign.com\/wp-content\/uploads\/break-w.jpg\" alt=\"break w\" class=\"wp-image-131\" srcset=\"https:\/\/www.gannetdesign.com\/wp-content\/uploads\/break-w.jpg 800w, https:\/\/www.gannetdesign.com\/wp-content\/uploads\/break-w-300x6.jpg 300w\" sizes=\"auto, (max-width: 800px) 100vw, 800px\" \/><\/figure>\n<\/div>\n\n<div class=\"wp-block-image\">\n<figure class=\"alignleft\"><a href=\"https:\/\/www.gannetdesign.com\/wp-content\/uploads\/e-delivery1.jpg\"><img loading=\"lazy\" decoding=\"async\" width=\"984\" height=\"737\" src=\"https:\/\/www.gannetdesign.com\/wp-content\/uploads\/e-delivery1.jpg\" alt=\"e-delivery1\" class=\"wp-image-373\" srcset=\"https:\/\/www.gannetdesign.com\/wp-content\/uploads\/e-delivery1.jpg 984w, https:\/\/www.gannetdesign.com\/wp-content\/uploads\/e-delivery1-300x225.jpg 300w\" sizes=\"auto, (max-width: 984px) 100vw, 984px\" \/><\/a><\/figure>\n<\/div>\n\n<div class=\"wp-block-image\">\n<figure class=\"alignleft\"><img loading=\"lazy\" decoding=\"async\" width=\"800\" height=\"16\" src=\"https:\/\/www.gannetdesign.com\/wp-content\/uploads\/break-w.jpg\" alt=\"break w\" class=\"wp-image-131\" srcset=\"https:\/\/www.gannetdesign.com\/wp-content\/uploads\/break-w.jpg 800w, https:\/\/www.gannetdesign.com\/wp-content\/uploads\/break-w-300x6.jpg 300w\" sizes=\"auto, (max-width: 800px) 100vw, 800px\" \/><\/figure>\n<\/div>","protected":false},"excerpt":{"rendered":"<p>GANNET bietet Leistungen in den Bereichen Produktentwicklung und Produktdesign f\u00fcr Konsumg\u00fcter wie Sportger\u00e4te, Lifestyle-Produkte und Luxusg\u00fcter an.Wir sind spezialisiert auf die Entwicklung von Formsprachen, welche die Kernmarkenwerte der Marke kommunizieren, <a class=\"more-link\" href=\"https:\/\/www.gannetdesign.com\/?page_id=2545&#038;lang=de\">read more \u2192<\/a><\/p>\n","protected":false},"author":2,"featured_media":0,"parent":0,"menu_order":5,"comment_status":"closed","ping_status":"closed","template":"","meta":{"footnotes":""},"class_list":["post-2545","page","type-page","status-publish","hentry"],"_links":{"self":[{"href":"https:\/\/www.gannetdesign.com\/index.php?rest_route=\/wp\/v2\/pages\/2545","targetHints":{"allow":["GET"]}}],"collection":[{"href":"https:\/\/www.gannetdesign.com\/index.php?rest_route=\/wp\/v2\/pages"}],"about":[{"href":"https:\/\/www.gannetdesign.com\/index.php?rest_route=\/wp\/v2\/types\/page"}],"author":[{"embeddable":true,"href":"https:\/\/www.gannetdesign.com\/index.php?rest_route=\/wp\/v2\/users\/2"}],"replies":[{"embeddable":true,"href":"https:\/\/www.gannetdesign.com\/index.php?rest_route=%2Fwp%2Fv2%2Fcomments&post=2545"}],"version-history":[{"count":10,"href":"https:\/\/www.gannetdesign.com\/index.php?rest_route=\/wp\/v2\/pages\/2545\/revisions"}],"predecessor-version":[{"id":3420,"href":"https:\/\/www.gannetdesign.com\/index.php?rest_route=\/wp\/v2\/pages\/2545\/revisions\/3420"}],"wp:attachment":[{"href":"https:\/\/www.gannetdesign.com\/index.php?rest_route=%2Fwp%2Fv2%2Fmedia&parent=2545"}],"curies":[{"name":"wp","href":"https:\/\/api.w.org\/{rel}","templated":true}]}}